te?
True
Is 47894387 composite?
False
Is 58761331 composite?
False
Is 1565323 composite?
False
Is 227022359 prime?
True
Is 64598491 composite?
True
Is 4380429 a prime number?
False
Is 34611877 composite?
True
Is 7313853 prime?
False
Is 32163783 a composite number?
True
Is 11668387 prime?
True
Is 5111027 a composite number?
True
Is 128738573 a composite number?
True
Is 5595701 prime?
False
Is 20983271 composite?
False
Is 109877603 prime?
False
Is 13062733 prime?
True
Is 180457 prime?
False
Is 104413409 a composite number?
False
Is 22401947 a composite number?
False
Is 32176493 prime?
True
Is 49206863 prime?
True
Is 15852791 prime?
False
Is 1545923 a prime number?
False
Is 11902487 prime?
True
Is 2836699 a prime number?
True
Is 4480841 composite?
False
Is 15424347 prime?
False
Is 13138981 prime?
False
Is 14710783 prime?
True
Is 22029157 a composite number?
False
Is 3493501 prime?
False
Is 41927369 composite?
True
Is 153922481 composite?
True
Is 5257489 a prime number?
True
Is 73018207 a prime number?
True
Is 1142701 prime?
False
Is 8590843 a prime number?
False
Is 20840813 prime?
False
Is 7001374 a composite number?
True
Is 1233649 composite?
True
Is 1148201 a composite number?
True
Is 342301 composite?
True
Is 86837 a prime number?
True
Is 5781371 a prime number?
True
Is 9277663 a composite number?
False
Is 377992473 composite?
True
Is 37630649 a composite number?
True
Is 811123 a prime number?
True
Is 209341 prime?
False
Is 5602001 a prime number?
True
Is 1267118 a prime number?
False
Is 119520137 composite?
True
Is 2175827 prime?
True
Is 72350129 prime?
True
Is 17636511 composite?
True
Is 1725736999 a composite number?
True
Is 75134789 a composite number?
True
Is 51508433 a prime number?
True
Is 3605149 a composite number?
True
Is 57625261 a composite number?
False
Is 552463 a prime number?
False
Is 3143222 composite?
True
Is 163627561 prime?
False
Is 12775181 a composite number?
False
Is 29696581 composite?
False
Is 3822701 composite?
False
Is 15581183 a prime number?
True
Is 3111107 a prime number?
True
Is 4815539 composite?
True
Is 6447971 composite?
True
Is 13198631 prime?
False
Is 3653134 prime?
False
Is 79792385 composite?
True
Is 130306537 prime?
True
Is 44946709 a composite number?
False
Is 62515 prime?
False
Is 7411171 prime?
True
Is 35151141 a composite number?
True
Is 11408641 a prime number?
False
Is 54071677 a composite number?
True
Is 53618621 prime?
False
Is 1170689 composite?
True
Is 279683713 prime?
False
Is 18779 prime?
False
Is 126199603 prime?
True
Is 2592231 a prime number?
False
Is 3642407 a prime number?
False
Is 708893 prime?
True
Is 6802541 a prime number?
True
Is 167353541 a prime number?
True
Is 6990667 prime?
True
Is 641267093 a composite number?
False
Is 79133 composite?
False
Is 134153303 a prime number?
True
Is 2148189 a composite number?
True
Is 196457 a composite number?
True
Is 37942013 a composite number?
True
Is 190472837 prime?
True
Is 271130459 a prime number?
True
Is 400316881 a prime number?
True
Is 1131617 prime?
True
Is 248905211 prime?
False
Is 35103883 composite?
False
Is 690853 composite?
True
Is 5631221 prime?
True
Is 66264829 a composite number?
True
Is 3996946 prime?
False
Is 189463 prime?
True
Is 8677027 a composite number?
False
Is 3240893 a composite number?
True
Is 55319302 a prime number?
False
Is 34245041 a prime number?
True
Is 83223659 a prime number?
False
Is 15063571 a composite number?
True
Is 12203251 composite?
False
Is 41128709 a prime number?
False
Is 108476171 prime?
True
Is 9406783 prime?
False
Is 161413345 composite?
True
Is 108074 composite?
True
Is 221640199 a composite number?
True
Is 53166133 a composite number?
True
Is 284619683 a prime number?
True
Is 67951171 a prime number?
True
Is 1127896087 a prime number?
False
Is 25676567 prime?
False
Is 17046061 a prime number?
True
Is 175535147 composite?
False
Is 42218657 prime?
False
Is 2207299 composite?
False
Is 14632841 a composite number?
False
Is 30369347 a composite number?
False
Is 29600201 composite?
False
Is 52987477 composite?
False
Is 597209 a composite number?
False
Is 7313015 prime?
False
Is 117246911 a composite number?
False
Is 488325757 a prime number?
True
Is 21011 a prime number?
True
Is 3840069 composite?
True
Is 8688113 composite?
True
Is 33818041 a prime number?
True
Is 814789 a prime number?
True
Is 4844797 composite?
False
Is 140913359 composite?
False
Is 16675037 a prime number?
False
Is 2089657 a prime number?
False
Is 13030283 prime?
False
Is 31651523 prime?
True
Is 424961 prime?
True
Is 923563 composite?
True
Is 45151321 composite?
True
Is 11310151 a prime number?
False
Is 16650967 prime?
False
Is 4679287 a prime number?
True
Is 8677453 composite?
False
Is 8805437 prime?
True
Is 2681897 a composite number?
False
Is 43157731 prime?
True
Is 83449333 a prime number?
False
Is 7553541 composite?
True
Is 1489799 composite?
False
Is 181765 a prime number?
False
Is 275615783 a prime number?
False
Is 2794202 prime?
False
Is 138301363 composite?
True
Is 3920239 composite?
False
Is 220287049 prime?
True
Is 1924537 composite?
False
Is 661341 prime?
False
Is 56845799 prime?
True
Is 20097533 composite?
True
Is 9178562 a prime number?
False
Is 28758011 a prime number?
True
Is 96413 prime?
False
Is 76729633 a prime number?
False
Is 2464733 a composite number?
False
Is 5957509 composite?
False
Is 17246563 a composite number?
False
Is 2948431 a composite number?
True
Is 5904499 a composite number?
False
Is 93969413 prime?
False
Is 2365673 composite?
True
Is 150193 prime?
True
Is 46883533 a prime number?
True
Is 5703331 prime?
False
Is 13855379 a prime number?
True
Is 85740313 prime?
False
Is 2121751 a composite number?
False
Is 16173701 composite?
False
Is 3407269 composite?
True
Is 12909089 prime?
False
Is 570569 composite?
False
Is 1332997 composite?
False
Is 1218073 composite?
True
Is 32703103 prime?
True
Is 5639167 prime?
True
Is 22139561 prime?
True
Is 134010523 a prime number?
False
Is 60646789 a prime number?
False
Is 7401309 composite?
True
Is 48533006 a prime number?
False
Is 835843 a prime number?
False
Is 4385461 a composite number?
False
Is 670054901 composite?
False
Is 449097437 a composite number?
True
Is 304462349 a prime number?
True
Is 1022869 composite?
False
Is 3540721 composite?
False
Is 1193363 composite?
False
Is 7877669 a prime number?
True
Is 88645 a composite number?
True
Is 4230917 prime?
True
Is 454222603 composite?
False
Is 797803 prime?
False
Is 1714747 composite?
False
Is 108821479 composite?
True
Is 18309041 a prime number?
False
Is 21809251 a prime number?
True
Is 5556413 prime?
True
Is 17601313 a prime number?
True
Is 4691777 prime?
True
Is 191712979 prime?
False
Is 613653083 a composite number?
True
Is 50961661 a prime number?
True
Is 12826043 a prime number?
False
Is 2849853 prime?
False
Is 1898629165 a prime number?
False
Is 17334991 composite?
True
Is 35815279 a prime number?
False
Is 54120193 a prime number?
True
Is 2530419 a composite number?
True
Is 8958097 prime?
True
Is 276639457 a composite number?
False
Is 37108343 prime?
False
Is 3566327 prime?
True
Is 289618213 composite?
True
Is 3897259 composite?
False
Is 2927203 a composite number?
True
Is 561879979 composite?
False
Is 22680167 composite?
True
Is 650432807 composite?
False
Is 222719 prime?
False
Is 1365523 prime?
False
Is 82018771 prime?
True
Is 2845603 prime?
True
Is 5030089 prime?
False
Is 648563 prime?
True
Is 94092481 composite?
True
Is 285947 prime?
False
Is 4471801 a composite number?
False
Is 20793713 composite?
True
Is 1383223 a composite number?
True
Is 8870053 prime?
True
Is 43054903 prime?
False
Is 102802877 composite?
True
Is 3675845 a prime number?
False
Is 361211 composite?
False
Is 83033079 a prime number?
False
Is 1284419 prime?
False
Is 1541203 prime?
False
Is 37424953 composite?
False
Is 4633289 a composite number?
False
Is 87221 a composite number?
False
Is 881209 a composite number?
True
Is 32786947 a prime number?
False
Is 18349973 prime?
False
Is 754877 composite?
False
Is 6563191 a composite number?
False
Is 613579 a prime number?
False
Is 22872719 a composite number?
True
Is 207379 prime?
False
Is 3076771 prime?
False
Is 819899 prime?
True
Is 72442534 composite?
True
Is 81071 prime?
True
Is 33